{"id":29250,"date":"2022-08-26T09:28:06","date_gmt":"2022-08-26T07:28:06","guid":{"rendered":"https:\/\/rentals.crealogica.eu\/politica-de-privacidad\/"},"modified":"2022-10-10T11:54:56","modified_gmt":"2022-10-10T09:54:56","slug":"politica-de-privadesa","status":"publish","type":"page","link":"https:\/\/www.bysrentals.com\/ca\/politica-de-privadesa\/","title":{"rendered":"Pol\u00edtica de privadesa"},"content":{"rendered":"\n<h2 class=\"wp-block-heading\"><strong>1. INFORMACI\u00d3 A L&#8217;USUARI<\/strong><\/h2>\n\n\n\n<h3 class=\"wp-block-heading\"><strong>Qui \u00e9s el responsable del tractament de les teves dades personals?<\/strong><\/h3>\n\n\n\n<p><strong>ByS Rentals (Roger Abad Pons)<\/strong> \u00e9s el RESPONSABLE del tractament de les dades personals de l&#8217;USUARI i us informa que aquestes dades seran tractades de conformitat amb el que disposa el Reglament (UE) 2016\/679, de 27 d&#8217;abril (GDPR), i la Llei Org\u00e0nica 3\/2018, del 5 de desembre (LOPDGDD).<\/p>\n\n\n\n<h3 class=\"wp-block-heading\"><strong>Per qu\u00e8 tractem les teves dades personals?<\/strong><\/h3>\n\n\n\n<p>Per mantenir una relaci\u00f3 comercial amb l\u2019usuari. Les operacions previstes per realitzar el tractament s\u00f3n:<\/p>\n\n\n\n<ul class=\"wp-block-list\"><li>Remissi\u00f3 de comunicacions comercials publicit\u00e0ries per correu electr\u00f2nic, fax, SMS, MMS, xarxes socials o qualsevol altre mitj\u00e0 electr\u00f2nic o f\u00edsic, present o futur, que possibiliti fer comunicacions comercials. Aquestes comunicacions seran realitzades pel RESPONSABLE i estaran relacionades amb els seus productes i serveis, o dels seus col\u00b7laboradors o prove\u00efdors, amb els quals aquest hagi arribat a algun acord de promoci\u00f3. En aquest cas, els tercers mai no tindran acc\u00e9s a les dades personals.<\/li><li>Realitzar estudis de mercat i an\u00e0lisis estad\u00edstiques.<\/li><li>Tramitar enc\u00e0rrecs, sol\u00b7licituds, donar resposta a les consultes o qualsevol tipus de petici\u00f3 que sigui realitzada per l&#8217;USUARI a trav\u00e9s de qualsevol de les formes de contacte que es posen a la vostra disposici\u00f3 a la p\u00e0gina web del RESPONSABLE.<\/li><li>Remetre el butllet\u00ed informatiu en l\u00ednia, sobre novetats, ofertes i promocions en la nostra activitat.<\/li><\/ul>\n\n\n\n<h3 class=\"wp-block-heading\"><strong>Per quin motiu podem tractar les dades personals?<\/strong><\/h3>\n\n\n\n<p>Perqu\u00e8 el tractament est\u00e0 legitimat per l&#8217;article 6 del GDPR de la manera seg\u00fcent:<\/p>\n\n\n\n<ul class=\"wp-block-list\"><li>Amb el consentiment de l&#8217;USUARI: tramesa de comunicacions comercials i del butllet\u00ed informatiu.<\/li><li>Per inter\u00e8s leg\u00edtim del RESPONSABLE: realitzar estudis de mercat, an\u00e0lisis estad\u00edstiques, etc. i tramitar enc\u00e0rrecs, sol\u00b7licituds, etc. a petici\u00f3 de l&#8217;USUARI.<\/li><\/ul>\n\n\n\n<h3 class=\"wp-block-heading\"><strong>Durant quant de temps guardarem les teves dades personals?<\/strong><\/h3>\n\n\n\n<p>Es conservaran durant no m\u00e9s temps del necessari per mantenir la finalitat del tractament o hi hagi prescripcions legals que dictaminin la seva cust\u00f2dia i quan ja no sigui necessari, es suprimiran amb mesures de seguretat adequades per garantir l&#8217;anonimat de les dades o la destrucci\u00f3 total de els mateixos.<\/p>\n\n\n\n<h3 class=\"wp-block-heading\"><strong>A qui facilitem les teves dades personals?<\/strong><\/h3>\n\n\n\n<p>No est\u00e0 prevista cap comunicaci\u00f3 de dades personals a tercers llevat, si fos necessari per al desenvolupament i execuci\u00f3 de les finalitats del tractament, als nostres prove\u00efdors de serveis relacionats amb comunicacions, amb els quals el RESPONSABLE t\u00e9 subscrits els contractes de confidencialitat i encarregat de tractament exigits per la normativa vigent de privadesa.<\/p>\n\n\n\n<h3 class=\"wp-block-heading\"><strong>Quins s\u00f3n els teus drets?<\/strong><\/h3>\n\n\n\n<p>Els drets que assisteixen a l&#8217;USUARI s\u00f3n:<\/p>\n\n\n\n<ul class=\"wp-block-list\"><li>Dret a retirar el consentiment en qualsevol moment.<\/li><li>Dret d&#8217;acc\u00e9s, rectificaci\u00f3, portabilitat i supressi\u00f3 de les dades, i de limitaci\u00f3 o oposici\u00f3 al tractament.<\/li><li>Dret a presentar una reclamaci\u00f3 davant de l&#8217;autoritat de control (www.aepd.es) si considera que el tractament no s&#8217;ajusta a la normativa vigent.<\/li><\/ul>\n\n\n\n<p><strong>Dades de contacte per exercir els seus drets:<\/strong><\/p>\n\n\n\n<p>ByS Rentals (Roger Abad Pons).&nbsp;<a href=\"mailto:info@bysrentals.com\">Email: info@bysrentals.com<\/a><br><\/p>\n\n\n\n<h2 class=\"wp-block-heading\"><strong>2. CAR\u00c0CTER OBLIGATORI O FACULTATIU DE LA INFORMACI\u00d3 FACILITADA PER L&#8217;USUARI<\/strong><\/h2>\n\n\n\n<p>Els USUARIS, mitjan\u00e7ant la marcaci\u00f3 de les caselles corresponents i l&#8217;entrada de dades als camps, marcats amb un asterisc (*) al formulari de contacte o presentats en formularis de desc\u00e0rrega, accepten expressament i de forma lliure i inequ\u00edvoca, que les seves dades s\u00f3n necess\u00e0ries per atendre la seva petici\u00f3, per part del prestador, i \u00e9s volunt\u00e0ria la inclusi\u00f3 de dades en els camps restants. L&#8217;USUARI garanteix que les dades personals facilitades al RESPONSABLE s\u00f3n veraces i es fa responsable de comunicar-ne qualsevol modificaci\u00f3. El RESPONSABLE informa que totes les dades sol\u00b7licitades a trav\u00e9s del lloc web s\u00f3n obligat\u00f2ries, ja que s\u00f3n necess\u00e0ries per a la prestaci\u00f3 d&#8217;un servei \u00f2ptim a l&#8217;USUARI. En cas que no es facilitin totes les dades, no es garanteix que la informaci\u00f3 i els serveis facilitats siguin completament ajustats a les seves necessitats.<\/p>\n\n\n\n<h2 class=\"wp-block-heading\"><strong>3. MESURES DE SEGURETAT<\/strong><\/h2>\n\n\n\n<p>Que de conformitat amb el que disposen les normatives vigents en protecci\u00f3 de dades personals, el RESPONSABLE est\u00e0 complint amb totes les disposicions de les normatives GDPR i LOPDGDD per al tractament de les dades personals de la seva responsabilitat, i manifestament amb els principis descrits a l&#8217;article 5 del GDPR, pels quals s\u00f3n tractats de manera l\u00edcita, lleial i transparent en relaci\u00f3 amb l&#8217;interessat i adequats, pertinents i limitats a all\u00f2 necessari en relaci\u00f3 amb els fins per als quals s\u00f3n tractats.<\/p>\n\n\n\n<p>El RESPONSABLE garanteix que ha implementat pol\u00edtiques t\u00e8cniques i organitzatives apropiades per aplicar les mesures de seguretat que estableixen el GDPR i la LOPDGDD per tal de protegir els drets i les llibertats dels USUARIS i els ha comunicat la informaci\u00f3 adequada perqu\u00e8 puguin exercir-los.<\/p>\n\n\n\n<p>Per a m\u00e9s informaci\u00f3 sobre les garanties de privacitat, pots adre\u00e7ar-te al RESPONSABLE a trav\u00e9s de ByS Rentals (Roger Abad Pons).\u00a0<a href=\"mailto:info@byrentals.com\">Email: info@byrentals.com<\/a><\/p>\n\n\n\n<p><\/p>\n","protected":false},"excerpt":{"rendered":"<p>1. INFORMACI\u00d3 A L&#8217;USUARI Qui \u00e9s el responsable del tractament de les teves dades personals? ByS Rentals (Roger Abad Pons) \u00e9s el RESPONSABLE del tractament de les dades personals de l&#8217;USUARI i us informa que aquestes dades seran tractades de conformitat amb el que disposa el Reglament (UE) 2016\/679, de 27 d&#8217;abril (GDPR), i la &#8230;<\/p>\n","protected":false},"author":1,"featured_media":0,"parent":0,"menu_order":0,"comment_status":"closed","ping_status":"closed","template":"","meta":{"_seopress_robots_primary_cat":"","_seopress_titles_title":"","_seopress_titles_desc":"","_seopress_robots_index":"","inline_featured_image":false,"footnotes":""},"class_list":["post-29250","page","type-page","status-publish","hentry"],"_links":{"self":[{"href":"https:\/\/www.bysrentals.com\/ca\/wp-json\/wp\/v2\/pages\/29250","targetHints":{"allow":["GET"]}}],"collection":[{"href":"https:\/\/www.bysrentals.com\/ca\/wp-json\/wp\/v2\/pages"}],"about":[{"href":"https:\/\/www.bysrentals.com\/ca\/wp-json\/wp\/v2\/types\/page"}],"author":[{"embeddable":true,"href":"https:\/\/www.bysrentals.com\/ca\/wp-json\/wp\/v2\/users\/1"}],"replies":[{"embeddable":true,"href":"https:\/\/www.bysrentals.com\/ca\/wp-json\/wp\/v2\/comments?post=29250"}],"version-history":[{"count":2,"href":"https:\/\/www.bysrentals.com\/ca\/wp-json\/wp\/v2\/pages\/29250\/revisions"}],"predecessor-version":[{"id":29795,"href":"https:\/\/www.bysrentals.com\/ca\/wp-json\/wp\/v2\/pages\/29250\/revisions\/29795"}],"wp:attachment":[{"href":"https:\/\/www.bysrentals.com\/ca\/wp-json\/wp\/v2\/media?parent=29250"}],"curies":[{"name":"wp","href":"https:\/\/api.w.org\/{rel}","templated":true}]}}

Política de privadesa

<h2 class="wp-block-heading"><strong>1. INFORMACIÓ A L&#8217;USUARI</strong></h2>



<h3 class="wp-block-heading"><strong>Qui és el responsable del tractament de les teves dades personals?</strong></h3>



<p><strong>ByS Rentals (Roger Abad Pons)</strong> és el RESPONSABLE del tractament de les dades personals de l&#8217;USUARI i us informa que aquestes dades seran tractades de conformitat amb el que disposa el Reglament (UE) 2016/679, de 27 d&#8217;abril (GDPR), i la Llei Orgànica 3/2018, del 5 de desembre (LOPDGDD).</p>



<h3 class="wp-block-heading"><strong>Per què tractem les teves dades personals?</strong></h3>



<p>Per mantenir una relació comercial amb l’usuari. Les operacions previstes per realitzar el tractament són:</p>



<ul class="wp-block-list"><li>Remissió de comunicacions comercials publicitàries per correu electrònic, fax, SMS, MMS, xarxes socials o qualsevol altre mitjà electrònic o físic, present o futur, que possibiliti fer comunicacions comercials. Aquestes comunicacions seran realitzades pel RESPONSABLE i estaran relacionades amb els seus productes i serveis, o dels seus col·laboradors o proveïdors, amb els quals aquest hagi arribat a algun acord de promoció. En aquest cas, els tercers mai no tindran accés a les dades personals.</li><li>Realitzar estudis de mercat i anàlisis estadístiques.</li><li>Tramitar encàrrecs, sol·licituds, donar resposta a les consultes o qualsevol tipus de petició que sigui realitzada per l&#8217;USUARI a través de qualsevol de les formes de contacte que es posen a la vostra disposició a la pàgina web del RESPONSABLE.</li><li>Remetre el butlletí informatiu en línia, sobre novetats, ofertes i promocions en la nostra activitat.</li></ul>



<h3 class="wp-block-heading"><strong>Per quin motiu podem tractar les dades personals?</strong></h3>



<p>Perquè el tractament està legitimat per l&#8217;article 6 del GDPR de la manera següent:</p>



<ul class="wp-block-list"><li>Amb el consentiment de l&#8217;USUARI: tramesa de comunicacions comercials i del butlletí informatiu.</li><li>Per interès legítim del RESPONSABLE: realitzar estudis de mercat, anàlisis estadístiques, etc. i tramitar encàrrecs, sol·licituds, etc. a petició de l&#8217;USUARI.</li></ul>



<h3 class="wp-block-heading"><strong>Durant quant de temps guardarem les teves dades personals?</strong></h3>



<p>Es conservaran durant no més temps del necessari per mantenir la finalitat del tractament o hi hagi prescripcions legals que dictaminin la seva custòdia i quan ja no sigui necessari, es suprimiran amb mesures de seguretat adequades per garantir l&#8217;anonimat de les dades o la destrucció total de els mateixos.</p>



<h3 class="wp-block-heading"><strong>A qui facilitem les teves dades personals?</strong></h3>



<p>No està prevista cap comunicació de dades personals a tercers llevat, si fos necessari per al desenvolupament i execució de les finalitats del tractament, als nostres proveïdors de serveis relacionats amb comunicacions, amb els quals el RESPONSABLE té subscrits els contractes de confidencialitat i encarregat de tractament exigits per la normativa vigent de privadesa.</p>



<h3 class="wp-block-heading"><strong>Quins són els teus drets?</strong></h3>



<p>Els drets que assisteixen a l&#8217;USUARI són:</p>



<ul class="wp-block-list"><li>Dret a retirar el consentiment en qualsevol moment.</li><li>Dret d&#8217;accés, rectificació, portabilitat i supressió de les dades, i de limitació o oposició al tractament.</li><li>Dret a presentar una reclamació davant de l&#8217;autoritat de control (www.aepd.es) si considera que el tractament no s&#8217;ajusta a la normativa vigent.</li></ul>



<p><strong>Dades de contacte per exercir els seus drets:</strong></p>



<p>ByS Rentals (Roger Abad Pons).&nbsp;<a href="mailto:info@bysrentals.com">Email: info@bysrentals.com</a><br></p>



<h2 class="wp-block-heading"><strong>2. CARÀCTER OBLIGATORI O FACULTATIU DE LA INFORMACIÓ FACILITADA PER L&#8217;USUARI</strong></h2>



<p>Els USUARIS, mitjançant la marcació de les caselles corresponents i l&#8217;entrada de dades als camps, marcats amb un asterisc (*) al formulari de contacte o presentats en formularis de descàrrega, accepten expressament i de forma lliure i inequívoca, que les seves dades són necessàries per atendre la seva petició, per part del prestador, i és voluntària la inclusió de dades en els camps restants. L&#8217;USUARI garanteix que les dades personals facilitades al RESPONSABLE són veraces i es fa responsable de comunicar-ne qualsevol modificació. El RESPONSABLE informa que totes les dades sol·licitades a través del lloc web són obligatòries, ja que són necessàries per a la prestació d&#8217;un servei òptim a l&#8217;USUARI. En cas que no es facilitin totes les dades, no es garanteix que la informació i els serveis facilitats siguin completament ajustats a les seves necessitats.</p>



<h2 class="wp-block-heading"><strong>3. MESURES DE SEGURETAT</strong></h2>



<p>Que de conformitat amb el que disposen les normatives vigents en protecció de dades personals, el RESPONSABLE està complint amb totes les disposicions de les normatives GDPR i LOPDGDD per al tractament de les dades personals de la seva responsabilitat, i manifestament amb els principis descrits a l&#8217;article 5 del GDPR, pels quals són tractats de manera lícita, lleial i transparent en relació amb l&#8217;interessat i adequats, pertinents i limitats a allò necessari en relació amb els fins per als quals són tractats.</p>



<p>El RESPONSABLE garanteix que ha implementat polítiques tècniques i organitzatives apropiades per aplicar les mesures de seguretat que estableixen el GDPR i la LOPDGDD per tal de protegir els drets i les llibertats dels USUARIS i els ha comunicat la informació adequada perquè puguin exercir-los.</p>



<p>Per a més informació sobre les garanties de privacitat, pots adreçar-te al RESPONSABLE a través de ByS Rentals (Roger Abad Pons). <a href="mailto:info@byrentals.com">Email: info@byrentals.com</a></p>



<p></p>

<p>1. INFORMACIÓ A L&#8217;USUARI Qui és el responsable del tractament de les teves dades personals? ByS Rentals (Roger Abad Pons) és el RESPONSABLE del tractament de les dades personals de l&#8217;USUARI i us informa que aquestes dades seran tractades de conformitat amb el que disposa el Reglament (UE) 2016/679, de 27 d&#8217;abril (GDPR), i la &#8230;</p>
